8867021 is divided by 4496.
4493
Calculate the remainder when 48672667 is divided by 266.
253
What is the remainder when 690838 is divided by 2568?
46
What is the remainder when 1004114 is divided by 125?
114
What is the remainder when 2202900 is divided by 86?
10
Calculate the remainder when 422798 is divided by 2416.
2414
What is the remainder when 38241 is divided by 869?
5
What is the remainder when 15755368 is divided by 2625894?
4
What is the remainder when 11175357 is divided by 38669?
16
What is the remainder when 1280503 is divided by 59?
26
What is the remainder when 865497 is divided by 292?
9
What is the remainder when 111087 is divided by 9?
0
What is the remainder when 745379 is divided by 64?
35
Calculate the remainder when 474244 is divided by 2101.
1519
What is the remainder when 245672 is divided by 30691?
144
What is the remainder when 228 is divided by 129?
99
What is the remainder when 417494 is divided by 1491?
14
Calculate the remainder when 1646947 is divided by 598.
55
Calculate the remainder when 12335074 is divided by 393.
376
What is the remainder when 29697248 is divided by 43?
29
What is the remainder when 8308585 is divided by 2769527?
4
Calculate the remainder when 1231520 is divided by 4887.
4883
What is the remainder when 673612 is divided by 336440?
732
Calculate the remainder when 1709047 is divided by 1219.
9
Calculate the remainder when 743955 is divided by 212.
47
What is the remainder when 112435 is divided by 275?
235
Calculate the remainder when 764557 is divided by 4003.
3987
What is the remainder when 24760227 is divided by 4387?
4386
What is the remainder when 57968027 is divided by 250?
27
What is the remainder when 656947 is divided by 1425?
22
What is the remainder when 26945 is divided by 3315?
425
Calculate the remainder when 2082629 is divided by 1041238.
153
Calculate the remainder when 781699 is divided by 17.
5
Calculate the remainder when 1487476 is divided by 2969.
7
What is the remainder when 280926 is divided by 1463?
30
Calculate the remainder when 2814813 is divided by 2814793.
20
Calculate the remainder when 627541 is divided by 2627.
2315
Calculate the remainder when 58803 is divided by 18.
15
What is the remainder when 94134 is divided by 3919?
78
Calculate the remainder when 28240 is divided by 9393.
61
What is the remainder when 8573286 is divided by 2143317?
18
What is the remainder when 38798 is divided by 19095?
608
Calculate the remainder when 122417 is divided by 136.
17
What is the remainder when 82878840 is divided by 365105?
5
What is the remainder when 83769 is divided by 13340?
3729
What is the remainder when 17886 is divided by 4953?
3027
Calculate the remainder when 54336 is divided by 337.
79
What is the remainder when 120084 is divided by 403?
393
Calculate the remainder when 51926 is divided by 25956.
14
Calculate the remainder when 4933683 is divided by 2466700.
283
What is the remainder when 1857866 is divided by 3986?
390
Calculate the remainder when 2456117 is divided by 7822.
9
Calculate the remainder when 1680852 is divided by 1680823.
29
What is the remainder when 496809 is divided by 312?
105
Calculate the remainder when 27672830 is divided by 4396.
10
What is the remainder when 13825667 is divided by 58091?
9
What is the remainder when 50116077 is divided by 46?
43
Calculate the remainder when 13917029 is divided by 1616.
37
Calculate the remainder when 22623542 is divided by 4315.
4312
What is the remainder when 1212660 is divided by 3251?
37
What is the remainder when 14635 is divided by 6948?
739
Calculate the remainder when 235378 is divided by 13801.
761
What is the remainder when 287399 is divided by 4354?
35
Calculate the remainder when 256047 is divided by 2333.
1750
Calculate the remainder when 1031474 is divided by 486.
182
Calculate the remainder when 81477376 is divided by 1697445.
16
What is the remainder when 282549 is divided by 31387?
66
Calculate the remainder when 1082221 is divided by 138.
25
What is the remainder when 466666 is divided by 257?
211
What is the remainder when 1567714 is divided by 68161?
11
What is the remainder when 3653319118 is divided by 30?
28
Calculate the remainder when 63832 is divided by 65.
2
What is the remainder when 92353605 is divided by 46176799?
7
Calculate the remainder when 184038 is divided by 6797.
519
Calculate the remainder when 1277947 is divided by 58087.
33
What is the remainder when 34835072 is divided by 1327?
1322
What is the remainder when 1556702 is divided by 135?
17
Calculate the remainder when 1418801 is divided by 211.
37
What is the remainder when 110941 is divided by 55466?
9
What is the remainder when 118260 is divided by 3478?
8
Calculate the remainder when 1001571 is divided by 77042.
25
What is the remainder when 96916 is divided by 16130?
136
What is the remainder when 7781452 is divided by 982?
84
What is the remainder when 452354 is divided by 404?
278
What is the remainder when 633360 is divided by 540?
480
What is the remainder when 229795 is divided by 56768?
2723
Calculate the remainder when 23826 is divided by 815.
191
Calculate the remainder when 7707628 is divided by 3.
1
Calculate the remainder when 7887257 is divided by 2712.
761
Calculate the remainder when 280553 is divided by 700.
553
What is the remainder when 8360 is divided by 8123?
237
Calculate the remainder when 55855042 is divided by 406.
404
Calculate the remainder when 15393963 is divided by 877.
859
What is the remainder when 38701 is divided by 129?
1
Calculate the remainder when 403055 is divided by 13431.
125
What is the remainder when 427454592 is divided by 6034?
6032
Calculate the remainder when 12497296 is divided by 28795.
266
What is the remainder when 20817908 is divided by 1301118?
20
Calculate the remainder when 3154039 is divided by 825.
64
Calculate the remainder when 851710 is divided by 988.
54
Calculate the remainder when 18608 is divided by 9137.
334
What is the remainder when 772290 is divided by 357?
99
Calculate the remainder when 1487592 is divided by 1487369.
223
What is the remainder when 688397 is divided by 688338?
59
Calculate the remainder when 776157 is divided by 2150.
7
What is the remainder when 27324328 is divided by 3903468?
52
Calculate the remainder when 10671825 is divided by 1247.
1246
Calculate the remainder when 574799 is divided by 633.
35
Calculate the remainder when 10954740 is divided by 403.
394
Calculate the remainder when 7019876 is divided by 31764.
32
Calculate the remainder when 833426 is divided by 84.
62
What is the remainder when 614964 is divided by 596?
488
What is the remainder when 1275606 is divided by 753?
24
Calculate the remainder when 3829379 is divided by 273.
8
Calculate the remainder when 110835068 is divided by 12473.
12463
Calculate the remainder when 54375457 is divided by 484.
477
What is the remainder when 44544 is divided by 1346?
126
What is the remainder when 559712612 is divided by 1015?
1012
What is the remainder when 1353994 is divided by 363?
4
What is the remainder when 8492043 is divided by 5707?
27
What is the remainder when 188469740 is divided by 188469733?
7
What is the remainder when 8586969 is divided by 138499?
31
Calculate the remainder when 39786 is divided by 585.
6
Calculate the remainder when 891385 is divided by 148564.
1
Calculate the remainder when 25459894 is divided by 14.
12
What is the remainder when 24950815 is divided by 29?
27
Calculate the remainder when 16498729 is divided by 659.
5
What is the remainder when 957474 is divided by 41629?
7
Calculate the remainder when 30764 is divided by 1810.
1804
What is the remainder when 5831380 is divided by 71114?
32
What is the remainder when 113238 is divided by 646?
188
What is the remainder when 3959747 is divided by 69468?
71
Calculate the remainder when 440970 is divided by 93.
57
What is the remainder when 67359140 is divided by 1752?
1748
Calculate the remainder when 896833 is divided by 1315.
3
What is the remainder when 135934 is divided by 6221?
5293
What is the remainder when 1503746 is divided by 34176?
2
What is the remainder when 17388 is divided by 2869?
174
Calculate the remainder when 79692992 is divided by 368949.
8
What is the remainder when 24